{"id":117,"date":"2011-08-28T22:36:10","date_gmt":"2011-08-28T22:36:10","guid":{"rendered":"http:\/\/nightmareonelmstreetfilms.com\/site\/"},"modified":"2018-06-18T20:21:12","modified_gmt":"2018-06-18T20:21:12","slug":"a-nightmare-on-elm-street-5-the-dream-child-cast-and-crew","status":"publish","type":"page","link":"https:\/\/nightmareonelmstreetfilms.com\/site\/films\/a-nightmare-on-elm-street-5-the-dream-child\/a-nightmare-on-elm-street-5-the-dream-child-cast-and-crew\/","title":{"rendered":"A Nightmare on Elm Street 5: The Dream Child \u2014 Cast and Crew"},"content":{"rendered":"<p><img loading=\"lazy\" decoding=\"async\" class=\" alignright\" src=\"http:\/\/nightmareonelmstreetfilms.com\/image\/nightmareonelmstreet5movieposter-profilebsm.jpg\" alt=\"A Nightmare on Elm Street 5: The Dream Child Movie Poster\" width=\"250\" height=\"276\" \/><\/p>\n<p style=\"text-align: justify;\">See the <a title=\"Internet Movie Database\" href=\"http:\/\/www.imdb.com\/title\/tt0097981\/fullcredits\" target=\"_blank\">Internet Movie Database<\/a> for detailed cast information.<\/p>\n<p style=\"clear:left;\">\n<p style=\"clear:left;\">\n<p><span style=\"text-decoration: underline;\">DIRECTED BY<\/span><\/p>\n<ul style=\"color:#FFFFFF;\">\nStephen Hopkins\n<\/ul>\n<p style=\"clear:left;\">\n<p><span style=\"text-decoration: underline;\">WRITING CREDITS<\/span><\/p>\n<ul style=\"color:#FFFFFF;\">\nWes Craven (characters)<br \/>\nJohn Skipp (story) &amp;<br \/>\nCraig Spector (story) and<br \/>\nLeslie Bohem (story)<br \/>\nLeslie Bohem (screenplay)\n<\/ul>\n<p style=\"clear:left;\">\n<p><span style=\"text-decoration: underline;\">CAST<\/span><\/p>\n<ul style=\"color:#FFFFFF;\">\nErika Anderson &#8230;. Greta<br \/>\nValorie Armstrong &#8230;. Mrs. Jordan<br \/>\nMichael Ashton &#8230;. Gurney Orderly<br \/>\nBeatrice Boepple &#8230;. Amanda Kreuger<br \/>\nMatt Borlenghi &#8230;. Jock<br \/>\nNoble Craig &#8230;. Merging Freddy<br \/>\nE.R. Davies &#8230;. Delivery Doctor<br \/>\nBurr DeBenning &#8230;. Mr. Jordan<br \/>\nBeth DePatie &#8230;. Anne<br \/>\nWill Egan &#8230;. Semi-Truck Driver<br \/>\nStacey Elliott &#8230;. Girl in Locker<br \/>\nRobert Englund &#8230;. Freddy Krueger<br \/>\nClarence Felder &#8230;. Mr. Gray<br \/>\nStephen Grives &#8230;. Dr. Moore<br \/>\nDanny Hassel &#8230;. Dan Jordon<br \/>\nWhitby Hertford &#8230;. Jacob<br \/>\nJennifer Honneus &#8230;. Asylum Girl<br \/>\nJake Jacobs &#8230;. Trendy Guest<br \/>\nAnnie Lamaje &#8230;. Elm Street Kid<br \/>\nGerry Loew &#8230;. Orderly #1<br \/>\nKara Marie &#8230;. Baby Jacob<br \/>\nRoxanne Mayweather &#8230;. Delivery Nurse<br \/>\nDon Maxwell &#8230;. Coach Ostrow<br \/>\nKelly Jo Minter &#8230;. Yvonne<br \/>\nJohn R. Murray &#8230;. Customer<br \/>\nMarne Patterson &#8230;. Little Girl<br \/>\nCameron Perry &#8230;. Guest<br \/>\nJoe Seely &#8230;. Mark<br \/>\nMarc Siegler &#8230;. Thirty-Something<br \/>\nMike Smith &#8230;. Super Freddy<br \/>\nPat Sturges &#8230;. Racine Gibson<br \/>\nCesar Anthony Torres &#8230;. Cop<br \/>\nPeter Trencher &#8230;. Trendy<br \/>\nWally George &#8230;. Himself<br \/>\nRon Armstrong &#8230;. Hot Seat Band Member<br \/>\nTed Nugent &#8230;. Hot Seat Band Member<br \/>\nRudy Sarao &#8230;. Hot Seat Band Member<br \/>\nEric Singer &#8230;. Hot Seat Band Member<br \/>\nLisa Wilcox &#8230;. Alice Johnson<br \/>\nNicholas Mele &#8230;. Mr. Johnson (as Nick Mele)\n<\/ul>\n<p style=\"clear:left;\">\n<p><span style=\"text-decoration: underline;\">PRODUCED BY<\/span><\/p>\n<ul style=\"color:#FFFFFF;\">\nRupert Harvey (producer)<br \/>\nSara Risher (executive producer)<br \/>\nRobert Shaye (producer)<br \/>\nJon Turtle (executive producer)\n<\/ul>\n<p style=\"clear:left;\">\n<p><span style=\"text-decoration: underline;\">ORIGINAL MUSIC BY<\/span><\/p>\n<ul style=\"color:#FFFFFF;\">\nJay Ferguson\n<\/ul>\n<p style=\"clear:left;\">\n<p><span style=\"text-decoration: underline;\">CINEMATOGRAPHY BY<\/span><\/p>\n<ul style=\"color:#FFFFFF;\">\nPeter Levy\n<\/ul>\n<p style=\"clear:left;\">\n<p><span style=\"text-decoration: underline;\">FILM EDITING BY<\/span><\/p>\n<ul style=\"color:#FFFFFF;\">\nBrent A. Schoenfeld<br \/>\nChuck Weiss\n<\/ul>\n<p style=\"clear:left;\">\n<p><span style=\"text-decoration: underline;\">CASTING<\/span><\/p>\n<ul style=\"color:#FFFFFF;\">\nAnnette Benson\n<\/ul>\n<p style=\"clear:left;\">\n<p><span style=\"text-decoration: underline;\">PRODUCTION DESIGN BY<\/span><\/p>\n<ul style=\"color:#FFFFFF;\">\nC.J. Strawn\n<\/ul>\n<p style=\"clear:left;\">\n<p><span style=\"text-decoration: underline;\">ART DIRECTION<\/span><\/p>\n<ul style=\"color:#FFFFFF;\">\nTimothy Gray\n<\/ul>\n<p style=\"clear:left;\">\n<p><span style=\"text-decoration: underline;\">SET DECORATION<\/span><\/p>\n<ul style=\"color:#FFFFFF;\">\nJohn P. Jockinsen\n<\/ul>\n<p style=\"clear:left;\">\n<p><span style=\"text-decoration: underline;\">COSTUME DESIGN BY<\/span><\/p>\n<ul style=\"color:#FFFFFF;\">\nSara Markowitz\n<\/ul>\n<p style=\"clear:left;\">\n<p><span style=\"text-decoration: underline;\">MAKEUP DEPARTMENT<\/span><\/p>\n<ul style=\"color:#FFFFFF;\">\nLynne K. Eagan &#8230;. key hair stylist<br \/>\nNedra Hainey &#8230;. makeup artist: second unit<br \/>\nKathryn Miles Kelly &#8230;. key makeup artist<br \/>\nDavid B. Miller &#8230;. makeup artist\n<\/ul>\n<p style=\"clear:left;\">\n<p><span style=\"text-decoration: underline;\">PRODUCTION MANAGEMENT<\/span><\/p>\n<ul style=\"color:#FFFFFF;\">\nKool Marder &#8230;. production supervisor\n<\/ul>\n<p style=\"clear:left;\">\n<p><span style=\"text-decoration: underline;\">SECOND UNIT DIRECTOR or ASSISTANT DIRECTOR<\/span><\/p>\n<ul style=\"color:#FFFFFF;\">\nDavid Cass Jr. &#8230;. first assistant director: third unit<br \/>\nJackie Dragon &#8230;. second assistant director: second unit<br \/>\nRandy Dudley &#8230;. first assistant director: second unit<br \/>\nTerry Edwards &#8230;. second assistant director<br \/>\nAllen Kupetsky &#8230;. second second assistant director<br \/>\nRichard Murken &#8230;. additional second second assistant director<br \/>\nKristine Peterson &#8230;. first assistant director<br \/>\nBernadette Tanchauco &#8230;. second assistant director: third unit\n<\/ul>\n<p style=\"clear:left;\">\n<p><span style=\"text-decoration: underline;\">ART DEPARTMENT<\/span><\/p>\n<ul style=\"color:#FFFFFF;\">\nAaron Anderson &#8230;. carpenter<br \/>\nJohn Baldwin &#8230;. carpenter<br \/>\nChristopher Bardin &#8230;. painter<br \/>\nJames R. Barrows &#8230;. sculptor<br \/>\nDavid Beck &#8230;. art swing gang<br \/>\nElla St. John Blakey &#8230;. carpenter<br \/>\nDon Blanks &#8230;. carpenter<br \/>\nMindy Brown &#8230;. painter<br \/>\nJames Doug Burch &#8230;. carpenter<br \/>\nJohn Cales &#8230;. carpenter (as John C. Cales)<br \/>\nDavid T. Cannon &#8230;. construction coordinator<br \/>\nRobert Carmody &#8230;. assistant carpenter<br \/>\nRik Carter &#8230;. sculptor<br \/>\nWilliam Cole &#8230;. painter<br \/>\nLaura Cornelius &#8230;. art department production assistant<br \/>\nAnna Czerwatiuk &#8230;. set dresser<br \/>\nDobrila De Castro &#8230;. assistant art department coordinator<br \/>\nKevin DePee &#8230;. assistant carpenter<br \/>\nGeorge Dunn &#8230;. carpenter<br \/>\nC\u00e9sar D\u00edez \u00c1lava &#8230;. assistant props<br \/>\nRoy Eisenbrey &#8230;. art swing gang<br \/>\nCatherine Ernst &#8230;. painter<br \/>\nF. Kelly Finn &#8230;. painter<br \/>\nSue Finnegan &#8230;. set dresser: third unit<br \/>\nJim Flores &#8230;. assistant carpenter<br \/>\nBill Gallarza &#8230;. assistant carpenter<br \/>\nGerd Gless &#8230;. carpenter<br \/>\nBatia Grafka &#8230;. property master<br \/>\nStephen Gray &#8230;. art swing gang<br \/>\nLorraine Heitzman &#8230;. painter<br \/>\nScott Jester &#8230;. assistant carpenter<br \/>\nJake Johnson &#8230;. assistant carpenter<br \/>\nLynn Johnson &#8230;. scenic artist<br \/>\nPatrick Kerner &#8230;. assistant carpenter<br \/>\nKurt Klapproth &#8230;. carpenter<br \/>\nMichael Kraft &#8230;. lead man<br \/>\nLarry Lee &#8230;. carpenter<br \/>\nDouglas Lidz &#8230;. carpenter<br \/>\nKaren Loberg &#8230;. set dresser<br \/>\nDavid Lowery &#8230;. storyboard artist<br \/>\nJosh Lusby &#8230;. painter<br \/>\nBrian Marn &#8230;. assistant carpenter<br \/>\nMatt Martin &#8230;. assistant carpenter<br \/>\nMike McCopin &#8230;. carpenter<br \/>\nArt Mendoza Jr. &#8230;. assistant carpenter<br \/>\nSusan Miscevich &#8230;. scenic artist<br \/>\nChris Moscone &#8230;. stand-by carpenter<br \/>\nThomas A. O&#8217;Conor &#8230;. set designer<br \/>\nJoshua Ott &#8230;. carpenter<br \/>\nMona Personius &#8230;. painter<br \/>\nRick Pierce &#8230;. assistant carpenter<br \/>\nNeal Polk &#8230;. assistant carpenter<br \/>\nRenee Prince &#8230;. lead scenic artist<br \/>\nRees Pugh &#8230;. carpenter<br \/>\nPeter A. Ramsey &#8230;. storyboard artist<br \/>\nJames L. Ricker &#8230;. carpenter<br \/>\nRick Rose &#8230;. carpenter<br \/>\nChris Santini &#8230;. carpenter (as Christopher Santini)<br \/>\nTim Smith &#8230;. painter<br \/>\nLinda Syufy &#8230;. art department coordinator<br \/>\nWilliam Tabor &#8230;. carpenter (as Bill Tabor)<br \/>\nPaul Toth &#8230;. art department production assistant<br \/>\nCynthia Von Suhr &#8230;. assistant set decorator<br \/>\nMiriam Warwick &#8230;. stand-by painter<br \/>\nDara Waxman &#8230;. set dresser: second unit<br \/>\nDavid A. Weinman &#8230;. lead carpenter (as David Weinman)<br \/>\nPerry Welch &#8230;. carpenter<br \/>\nJane Whitehead &#8230;. assistant set decorator<br \/>\nOliver Wilson &#8230;. painter\n<\/ul>\n<p style=\"clear:left;\">\n<p><span style=\"text-decoration: underline;\">SOUND DEPARTMENT<\/span><\/p>\n<ul style=\"color:#FFFFFF;\">\nBobbi Banks &#8230;. assistant sound editor<br \/>\nBill Black &#8230;. music editor<br \/>\nBrent Brewington &#8230;. boom operator<br \/>\nElijah Chkeiban &#8230;. assistant sound editor<br \/>\nChristine Danelski &#8230;. dialogue editor<br \/>\nRub\u00e9n Domingo &#8230;. assistant sound editor<br \/>\nDean Drabin &#8230;. foley mixer<br \/>\nEd Fassl &#8230;. sound effects editor<br \/>\nArnold Finkelstein &#8230;. sound effects editor<br \/>\nRobert Fitzgerald &#8230;. supervising sound editor<br \/>\nRichard C. Franklin &#8230;. sound effects editor<br \/>\nAlbert Gasser &#8230;. dialogue editor<br \/>\nAllan Hartz &#8230;. sound effects editor<br \/>\nChris Jargo &#8230;. adr editor<br \/>\nTed Johnston &#8230;. foley editor<br \/>\nChris Ksanznak &#8230;. assistant sound editor<br \/>\nRobert J. Litt &#8230;. sound re-recording mixer<br \/>\nAustin H. McKinney &#8230;. boom operator: second unit<br \/>\nLinda Moss &#8230;. dialogue editor<br \/>\nDan O&#8217;Connell &#8230;. foley walker<br \/>\nCharleen Richards &#8230;. adr mixer<br \/>\nGreg P. Russell &#8230;. sound re-recording mixer<br \/>\nHari Ryatt &#8230;. supervising sound editor<br \/>\nJoseph Singer &#8230;. production sound mixer<br \/>\nAlicia Stevenson &#8230;. foley walker<br \/>\nLee Strosnider &#8230;. sound mixer: second unit<br \/>\nElliot Tyson &#8230;. sound re-recording mixer\n<\/ul>\n<p style=\"clear:left;\">\n<p><span style=\"text-decoration: underline;\">SPECIAL EFFECTS<\/span><\/p>\n<ul style=\"color:#FFFFFF;\">\nR. Christopher Biggs &#8230;. special effects makeup<br \/>\nAdam Jones &#8230;. special effects makeup artist (uncredited)\n<\/ul>\n<p style=\"clear:left;\">\n<p><span style=\"text-decoration: underline;\">VISUAL EFFECTS<\/span><\/p>\n<ul style=\"color:#FFFFFF;\">\nRobert D. Bailey &#8230;. titles &amp; opticals<br \/>\nJammie Friday &#8230;. animator<br \/>\nPeter Kuran &#8230;. special optical effects photography<br \/>\nAlan Munro &#8230;. visual effects supervisor\n<\/ul>\n<p style=\"clear:left;\">\n<p><span style=\"text-decoration: underline;\">STUNTS<\/span><\/p>\n<ul style=\"color:#FFFFFF;\">\nHank Calia &#8230;. stunts<br \/>\nMichael Cassidy &#8230;. stunt co-ordinator<br \/>\nVince Deadrick Jr. &#8230;. stunts (as Vincent Dedrick)<br \/>\nJ. Mark Donaldson &#8230;. stunts<br \/>\nStephanie Epper &#8230;. stunts<br \/>\nJohn Hately &#8230;. stunts<br \/>\nEddie Hice &#8230;. stunts<br \/>\nYvonne Johnston &#8230;. stunts<br \/>\nSteve Kelso &#8230;. stunts<br \/>\nHubie Kerns Jr. &#8230;. stunts<br \/>\nPaul M. Lane &#8230;. stunts<br \/>\nJohn Lucasey &#8230;. stunts<br \/>\nBill McIntosh &#8230;. stunts<br \/>\nCarol Neilson &#8230;. stunts<br \/>\nBobby Porter &#8230;. stunts<br \/>\nJeff Ramsey &#8230;. stunts<br \/>\nMario Roberts &#8230;. stunts<br \/>\nLori Lynn Ross &#8230;. stunts<br \/>\nLynn Salvatore &#8230;. stunts<br \/>\nSharon Schaffer &#8230;. stunts<br \/>\nAnthony G. Schmidt &#8230;. stunts<br \/>\nBen Scott &#8230;. stunts<br \/>\nCherie Tash &#8230;. stunts<br \/>\nGeorge P. Wilbur &#8230;. stunts\n<\/ul>\n<p style=\"clear:left;\">\n<p><span style=\"text-decoration: underline;\">OTHER CREW<\/span><\/p>\n<ul style=\"color:#FFFFFF;\">\nStuart Abramson &#8230;. dolly grip<br \/>\nTony Anderson &#8230;. best boy grip: third unit<br \/>\nElena Azuola &#8230;. production accountant<br \/>\nBarbara Barnaby &#8230;. supervising adr editor<br \/>\nSusan Bazarsky &#8230;. assistant to executive producer<br \/>\nKevin Benson &#8230;. music supervisor<br \/>\nKirk Bloom &#8230;. production assistant<br \/>\nOliver Bodnar &#8230;. stand-in<br \/>\nRobb Bradshaw &#8230;. second assistant camera: second unit<br \/>\nMarietta Brown &#8230;. paint dyer<br \/>\nHelen Caldwell &#8230;. script supervisor<br \/>\nMark Cane &#8230;. best boy electric: third unit<br \/>\nRuss Carpenter &#8230;. cinematographer: second unit<br \/>\nJim Carroll &#8230;. grip<br \/>\nBundy Chanock &#8230;. set medic (uncredited)<br \/>\nEllsworth Chou &#8230;. electrician: second unit<br \/>\nDavid Clayter &#8230;. electrician: second unit<br \/>\nAndre Costa &#8230;. electrician<br \/>\nDave Cretsinger &#8230;. electrician<br \/>\nDan Curry &#8230;. title designer<br \/>\nCrisstyn Dante &#8230;. body double<br \/>\nMichael De Luca &#8230;. production executive<br \/>\nBrad Dechter &#8230;. orchestrator<br \/>\nFoster K. Denker &#8230;. gaffer<br \/>\nDermott Downs &#8230;. grip: second unit (as Dermit Downs)<br \/>\nGiles Dunning &#8230;. first assistant camera<br \/>\nCharles Edwards &#8230;. grip<br \/>\nDon Feeney &#8230;. driver<br \/>\nJoe Feeney &#8230;. transportation coordinator<br \/>\nJoe Fineman &#8230;. post-production supervisor<br \/>\nRobert Fisher &#8230;. gaffer: third unit<br \/>\nBuddy Fries &#8230;. first assistant camera<br \/>\nDan Frye &#8230;. effects technician (uncredited)<br \/>\npuppeteer: The Character Shop (uncredited)<br \/>\nJoan Geguld &#8230;. best boy electric: second unit<br \/>\nJeff &#8216;Breeze&#8217; Gottlieb &#8230;. apprentice film editor (as Jeff Gottlieb)<br \/>\nBill Greenberg &#8230;. electrician<br \/>\nJulia Guild &#8230;. production controller<br \/>\nZoe Hale &#8230;. costumer<br \/>\nMarlin Hall &#8230;. key grip<br \/>\nJohn Harian &#8230;. electrician: third unit<br \/>\nKurt Hathaway &#8230;. apprentice film editor<br \/>\nMary Jasinowski &#8230;. assistant production coordinator<br \/>\nPeter C. Jensen &#8230;. steadicam operator<br \/>\nTom Jensen &#8230;. additional second assistant camera (uncredited)<br \/>\nDan Kearns &#8230;. best boy electric: second unit<br \/>\nRic Keeley &#8230;. assistant film editor<br \/>\nJeffrey J. Kiehlbauch &#8230;. production coordinator<br \/>\nJuliette King &#8230;. first assistant camera: third unit<br \/>\nRon Kunecke &#8230;. musco light technician<br \/>\nReginald F. Lake &#8230;. electric consultant<br \/>\nMara Lee &#8230;. key set production assistant<br \/>\nMichael Leshnov &#8230;. still photographer<br \/>\nErnie Malik &#8230;. unit publicist<br \/>\nJohn T. Martin &#8230;. grip<br \/>\nRay Martin &#8230;. color timer<br \/>\nTim Martin &#8230;. grip<br \/>\nBrian McElroy &#8230;. electrician<br \/>\nRalph B. Meyer &#8230;. location manager<br \/>\nGeorge Milholland &#8230;. grip<br \/>\nRalph Milliken &#8230;. negative cutter<br \/>\nDeborah Moore &#8230;. executive in charge of production<br \/>\nKevin Moreton &#8230;. production executive<br \/>\nChris Moscone &#8230;. medic<br \/>\nLenny Neimark &#8230;. assistant location manager<br \/>\nChristopher Nibley &#8230;. director of photography: third unit (as Chris Nibley)<br \/>\nLuc G. Nicknair &#8230;. first assistant camera: third unit<br \/>\nMargot Olin &#8230;. assistant to producer<br \/>\nCarolin Olive &#8230;. wardrobe production assistant<br \/>\nMoana Oliver &#8230;. dolly grip: third unit<br \/>\nCraig Persky &#8230;. production assistant<br \/>\nDavid Peters &#8230;. first assistant camera: second unit<br \/>\nToby Phillips &#8230;. steadicam operator<br \/>\nNeil Portnow &#8230;. music supervisor<br \/>\nKrishna Rao &#8230;. camera operator<br \/>\nDerek Raser &#8230;. transportation captain<br \/>\nBrian Robertshaw &#8230;. gaffer: second unit<br \/>\nCherie Romans &#8230;. body double<br \/>\nDaniel Rottman &#8230;. key grip: second unit<br \/>\nHeidi Scharfe &#8230;. assistant film editor<br \/>\nLisa Schilling &#8230;. construction driver<br \/>\nCharles A. Severson &#8230;. best boy electric (as Charles Severson)<br \/>\nAnthony Smith &#8230;. electrician<br \/>\nScott Smith &#8230;. best boy grip: second unit<br \/>\nJody Solomon &#8230;. post-production coordinator<br \/>\nMonty Spillers &#8230;. grip<br \/>\nGina Spiro &#8230;. assistant adr editor<br \/>\nMegan Stelzer &#8230;. assistant to sculptor<br \/>\nWillow Stelzer &#8230;. assistant to sculptor<br \/>\nTracy Thielen &#8230;. driver<br \/>\nJudy Torres &#8230;. craft service<br \/>\nJacqueline Trost &#8230;. costumer: effects unit<br \/>\nRodney Veto &#8230;. best boy grip<br \/>\nThomas Vetro &#8230;. production assistant<br \/>\nMichael Vogler &#8230;. assistant accountant<br \/>\nBonnie Waltrip &#8230;. script supervisor: second unit<br \/>\nRebecca Widner &#8230;. casting assistant<br \/>\nElan Yaari &#8230;. gaffer: second unit<br \/>\nElizabeth Ziegler &#8230;. steadicam operator\n<\/ul>\n","protected":false},"excerpt":{"rendered":"<p>See the Internet Movie Database for detailed cast information. DIRECTED BY Stephen Hopkins WRITING &hellip; <a href=\"https:\/\/nightmareonelmstreetfilms.com\/site\/films\/a-nightmare-on-elm-street-5-the-dream-child\/a-nightmare-on-elm-street-5-the-dream-child-cast-and-crew\/\" class=\"read-more\">Read more &raquo;<\/a><\/p>\n","protected":false},"author":1,"featured_media":0,"parent":113,"menu_order":2,"comment_status":"closed","ping_status":"closed","template":"","meta":{"footnotes":""},"class_list":["post-117","page","type-page","status-publish","hentry"],"aioseo_notices":[],"_links":{"self":[{"href":"https:\/\/nightmareonelmstreetfilms.com\/site\/wp-json\/wp\/v2\/pages\/117","targetHints":{"allow":["GET"]}}],"collection":[{"href":"https:\/\/nightmareonelmstreetfilms.com\/site\/wp-json\/wp\/v2\/pages"}],"about":[{"href":"https:\/\/nightmareonelmstreetfilms.com\/site\/wp-json\/wp\/v2\/types\/page"}],"author":[{"embeddable":true,"href":"https:\/\/nightmareonelmstreetfilms.com\/site\/wp-json\/wp\/v2\/users\/1"}],"replies":[{"embeddable":true,"href":"https:\/\/nightmareonelmstreetfilms.com\/site\/wp-json\/wp\/v2\/comments?post=117"}],"version-history":[{"count":6,"href":"https:\/\/nightmareonelmstreetfilms.com\/site\/wp-json\/wp\/v2\/pages\/117\/revisions"}],"predecessor-version":[{"id":8423,"href":"https:\/\/nightmareonelmstreetfilms.com\/site\/wp-json\/wp\/v2\/pages\/117\/revisions\/8423"}],"up":[{"embeddable":true,"href":"https:\/\/nightmareonelmstreetfilms.com\/site\/wp-json\/wp\/v2\/pages\/113"}],"wp:attachment":[{"href":"https:\/\/nightmareonelmstreetfilms.com\/site\/wp-json\/wp\/v2\/media?parent=117"}],"curies":[{"name":"wp","href":"https:\/\/api.w.org\/{rel}","templated":true}]}}